) = -s**3 - s**2 + s - 2. Let c be k(-2). Let i(b) = 4*b - 3*b + 2*b**2 + 51 + 2*b**2 - b**2. What is the tens digit of i(c)?
5
Suppose 0*v = -2*v + 5*x + 70, 5*x + 10 = 0. Let n be (-32)/(-6)*v/8. Suppose 4*k = 4*u + 4 + 12, -2*u - n = -4*k. What is the units digit of k?
6
Suppose -p = -2*s, p - 4*s - 2 = -10. Suppose -4 = a - 3*a. Suppose a*c + p = 4*c. What is the units digit of c?
4
Suppose h - 113 = 5*x, 315 = 17*h - 14*h - 3*x. What is the units digit of h?
3
Let d(u) = 0*u**3 + u - u**3 + 151 + 2*u**3 - 8. What is the tens digit of d(0)?
4
Let u(z) = -25*z - 96. What is the units digit of u(-13)?
9
Let r = -5295 + 7765. What is the thousands digit of r?
2
Suppose -r + 5 = -0*r - 4*b, 5*r + 2*b - 3 = 0. Let i be (2 - 4) + r - 2. What is the tens digit of (i/(-2) + -2)*-48?
2
Suppose 4*c = t + t + 14, 2*t = -5*c - 14. Let j(u) be the third derivative of -u**6/120 - 7*u**5/60 + u**3/2 - 2*u**2. What is the units digit of j(t)?
3
Let k = 471 + 14. What is the units digit of k?
5
Suppose 4716 = 13*c + 660. What is the hundreds digit of c?
3
Let n(y) = -4*y + 1 - y + 2 + 6*y - 3*y**2 + y**3. Let q be n(3). Let u(d) = d**3 - 7*d**2 + 9*d - 4. What is the units digit of u(q)?
4
Let t = 294 + 25. What is the units digit of t?
9
Let t be (2 + -11 - 1)*(-33)/(-22). Let h = -21 - -10. Let o = h - t. What is the units digit of o?
4
Let l be (-25)/(-30)*(3 - -3). Suppose 3*v + 3*f - 22 = f, 0 = -f + l. What is the units digit of v?
4
Suppose 0 = -2*p - 4, 21*v + 2*p - 5911 = 16*v. What is the tens digit of v?
8
Let o = -92 - -97. Suppose -2*b = 2*w - 580, 586 = -10*w + 12*w + o*b. What is the tens digit of w?
8
Let l be -17 - (2 + 3 + -3). Let h = 12 + l. Let f(y) = -y**3 - 5*y**2 + 8*y - 7. What is the units digit of f(h)?
5
Suppose -9*a + 11576 - 1748 = 0. What is the hundreds digit of a?
0
Let j = 1141 + -811. What is the units digit of j?
0
What is the thousands digit of (-8)/(-12) + (-54070)/(-30)?
1
Suppose -23*z = -16*z - 3213. What is the hundreds digit of z?
4
Let z(v) = v**2 + 50*v + 79. What is the units digit of z(23)?
8
What is the hundreds digit of 6/5 + -1 - (-73128)/60?
2
Let m be 28/21*6/(-4). Let f be m/3 - (-58)/6. Suppose -3*s + f = -30. What is the tens digit of s?
1
Let l(h) = 8*h**3 + 2*h**2 - 22*h + 14. What is the hundreds digit of l(5)?
9
Let o = 2750 + -1603. What is the hundreds digit of o?
1
Let w be 3/15*(-3 - -8). What is the tens digit of ((-5)/((-5)/19))/w?
1
Suppose 3*r = 5*p - 27, 3*p - 4 = -p - 2*r. Let g be (-2 - -1)*0/3. Suppose g*j = p*j - 243. What is the tens digit of j?
8
Let z = 821 + 1240. What is the hundreds digit of z?
0
Suppose -2739 = -17*j + 882. What is the hundreds digit of j?
2
Let c = 71 - -102. What is the units digit of c?
3
Suppose -164 = -0*d - 2*d. Suppose -2*o = -3*t + 445, -3*o + 502 - d = 3*t. Suppose -4*c + 3*c = 3*l - 41, -5*l - t = -5*c. What is the tens digit of c?
3
Let z be (-294)/(-8) - (-4)/16. Suppose -174 = 34*j - z*j. What is the units digit of j?
8
What is the hundreds digit of 16176/88 - (18/22 - 1)?
1
What is the units digit of (0 - (-7 + -436))/((-1)/(-2))?
6
Let m(r) = r**2 - 1. Let j(a) be the third derivative of -a**5/30 - 7*a**4/12 + 5*a**3/2 - 6*a**2. Let i(f) = -j(f) - 3*m(f). What is the units digit of i(12)?
2
What is the tens digit of (-8 + -166)*-4 - 4?
9
Let w = 51 + -45. Let m(z) = -z**3 + 9*z**2 - 5*z + 15. What is the tens digit of m(w)?
9
Let n(c) be the second derivative of -c**5/20 - 5*c**4/12 + 5*c**3/6 + c**2 + 3*c. Let z = -15 - -9. What is the units digit of n(z)?
8
Let s(u) = 2*u - 12. Let x be s(8). Suppose 0 = x*c - 3*p - 28, 5*c - 5*p - 28 = 3*c. What is the units digit of 190/15 + c/(-6)?
2
Let d(c) = 5*c**2 - 1. Let r be (-1 - 1) + (-1)/(-1). Let y be d(r). Suppose m + y - 27 = 0. What is the tens digit of m?
2
Suppose 174 = 2*d - 2*s, s = 4*d - 157 - 200. Suppose 0 = -v + 4*v - d. What is the units digit of ((-10)/v)/(1/(-129))?
3
Let d(n) = 23*n - 14. Suppose -4*h - z + 2*z + 15 = 0, 3*h + 3*z - 15 = 0. What is the tens digit of d(h)?
7
Suppose -6*u - u + 5075 = 0. What is the hundreds digit of u?
7
Suppose 16099 - 55753 = -18*f. What is the hundreds digit of f?
2
Let n = -310 - -863. What is the tens digit of n?
5
Let q(t) = t**2 - 9*t + 16. Let c be q(7). Suppose 3*h - 125 = -c*h. What is the units digit of h?
5
Suppose 0*g + 3 = -g, -4*i + 4*g + 2140 = 0. What is the tens digit of i?
3
Let z(w) = w**2 - 3*w + 3. Let y be z(1). What is the units digit of (-102)/(y*2 - (-8 - -12))?
1
Let i(m) = -22*m - 5. Suppose -5*u + 2*c - 13 = 0, u - 4*c = c + 2. What is the units digit of i(u)?
1
Let r(u) = -22*u**3 + u**2 - 5*u + 3. What is the units digit of r(-3)?
1
What is the units digit of 8792/26 - 8/(-624)*-12?
8
Suppose -3*h + 0*h = -30. Suppose -h = 12*r - 13*r. What is the tens digit of r?
1
Suppose 12881 + 3783 = 4*g. What is the tens digit of g?
6
Suppose -3*j - z + 6*z + 2951 = 0, -2*j + 3*z + 1968 = 0. What is the hundreds digit of j?
9
Suppose 4*v - 5*v = -2*p - 378, v = -4*p + 390. What is the tens digit of v?
8
Suppose -3*z + 5*t = 49, -z + 2*z - t = -13. Let s = -5 - z. Suppose 0 = j + y - s, 3*y = j - 8 - 3. What is the units digit of j?
5
Let u(b) = 88*b - 102. What is the tens digit of u(31)?
2
Suppose 15 = -2*h - w, -h + 4*w + 10 = w. Let l = h + 42. What is the units digit of l?
7
Let d be 2 + 1 + 1 + 5. Let i be (-12 - -11) + (1 - -3 - -1). Suppose d*m = i*m + 115. What is the units digit of m?
3
Let f(c) = 1145*c - 67. What is the units digit of f(2)?
3
Let q(d) = 215*d + 2. Let u be q(-13). Let y = u + 1245. What is the tens digit of (-4)/(-26) + y/(-78)?
2
Let k(o) = 4*o - 9. Let d be k(3). Suppose -d*s = -11*s + 104. What is the tens digit of s?
1
What is the units digit of (-3075 - -2)/(-7) - 9?
0
Suppose -6 = 2*m + 4*r, -3*r = -0*r + 9. Suppose 70 = 5*g - m*d, g + 3*d = 5*d + 21. What is the tens digit of g?
1
What is the tens digit of 70 + 6*(-4)/3?
6
Let z(c) be the first derivative of -c**2/2 + 15*c - 20. Let q(f) = f**3 - 2*f**2 + f. Let t be q(1). What is the tens digit of z(t)?
1
Let j = 8916 + -4819. What is the tens digit of j?
9
Let k be 30/(-105) - (-30)/7. Suppose 0 = -n + 3*j + 22, -k*j + 76 = 2*n - 2*j. What is the units digit of n?
4
Suppose 0 = -0*b - 2*b. Suppose -6*s - 2*k = -s - 30, b = -2*s + 5*k + 41. What is the units digit of s?
8
What is the units digit of 426/(-8)*(-13 + 5)?
6
Suppose 2*q - 8*q = -12. Suppose 5*s - 4*o = -9*o + 280, 0 = q*s + 4*o - 108. What is the units digit of s?
8
Let v(h) = -16 - 4*h**2 + 30 + h + 2*h**2 + 3*h**2. What is the tens digit of v(0)?
1
What is the units digit of (138 + 0)/((-20)/(-2090)*11)?
1
What is the hundreds digit of 8 + -6 + ((-3)/1 - -569)?
5
Let i(c) = -7*c**2 + 1756. What is the units digit of i(0)?
6
Suppose -t + 375 = -5*i, 3*t = -3*i + i + 1142. What is the hundreds digit of t?
3
Let p = -34 + 34. Suppose -5*x - 5*u + 135 = p, 5*x + 2*u - 67 - 74 = 0. What is the units digit of x?
9
Suppose 0 = -2*v - 2*v - 3*s + 2760, 4*v - 2740 = 2*s. What is the units digit of v?
7
Let w be (1 - -1)*(1240/16 + -9). Suppose 507 = 4*a + 3*i - w, -i + 4 = 0. What is the hundreds digit of a?
1
Suppose 9*w - 125 = 91. Let m = 3 + 219. What is the units digit of w/(-9)*m/(-8)?
4
Let p(a) = 17*a**3 - 2*a + 1. Let d be p(1). Let i be (d + 6)/(2/(-3)). Let w = i - -63. What is the units digit of w?
0
Let q = 21 + -252. Let v = q - -368. What is the tens digit of v?
3
Suppose -n = n - 6. Suppose 4*x = 4*d - 20, -n*x - x = 5*d + 29. Let r = 10 - x. What is the tens digit of r?
1
Suppose 0 = -m - 2 - 10. Let p be (9/m)/((-1)/4). Suppose -5 + 65 = p*c. What is the tens digit of c?
2
Suppose v + 4*r = 720, r = -4*v + 6*r + 2859. What is the hundreds digit of v?
7
What is the hundreds digit of 24 + 188 - (-4)/(-2)?
2
Let k(q) = q**3 - 2*q**2 - 26*q + 80. What is the hundreds digit of k(13)?
6
Suppose 3*g - 2*g + 4*j - 23 = 0, 3*g - j = 4. Let o(a) = 47 - a + 3*a**g - 2*a**3 - 5*a**3 + 3*a**3 - a**2. What is the units digit of o(0)?
7
Suppose 72 = -2*b - 12. Let n = 90 + b. What is the tens digit of n?
4
Let n(p) = 149*p**2 - p + 4. What is the thousands digit of n(-3)?
1
Let d(l) = -3*l**2 - 28*l - 4. What is the units digit of d(-9)?
5
Suppose -a = 9*a - 4080. Suppose -2*g + 0*g 